{"id":30,"date":"2025-07-01T15:59:16","date_gmt":"2025-07-01T13:59:16","guid":{"rendered":"https:\/\/web.teniskounice.cz\/?page_id=30"},"modified":"2025-07-02T13:46:52","modified_gmt":"2025-07-02T11:46:52","slug":"o-nas","status":"publish","type":"page","link":"https:\/\/teniskounice.cz\/","title":{"rendered":"O n\u00e1s"},"content":{"rendered":"\t\t<div data-elementor-type=\"wp-page\" data-elementor-id=\"30\" class=\"elementor elementor-30\">\n\t\t\t\t<div class=\"elementor-element elementor-element-de83d5f e-flex e-con-boxed e-con e-parent\" data-id=\"de83d5f\" data-element_type=\"container\">\n\t\t\t\t\t<div class=\"e-con-inner\">\n\t\t\t\t<div class=\"elementor-element elementor-element-096e6eb elementor-widget elementor-widget-text-editor\" data-id=\"096e6eb\" data-element_type=\"widget\" data-widget_type=\"text-editor.default\">\n\t\t\t\t\t\t\t\t\t<p class=\"p1\"><span style=\"background-color: initial;\">Srde\u010dn\u011b zveme v\u0161echny p\u0159\u00edznivce tenisu ke h\u0159e v klidn\u00e9m a p\u0159\u00e1telsk\u00e9m prost\u0159ed\u00ed Kounic.<\/span><\/p><p class=\"p1\">N\u00e1\u0161 tenisov\u00fd are\u00e1l nab\u00edz\u00ed k pron\u00e1jmu dva perfektn\u011b upraven\u00e9 antukov\u00e9 kurty s automatickou z\u00e1vlahou.<\/p><p class=\"p1\">Pro rezervaci kurtu vyu\u017eijte online rezerva\u010dn\u00ed syst\u00e9m dostupn\u00fd v hlavn\u00ed nab\u00eddce.\u00a0<\/p><p>Pokud byste se cht\u011bli st\u00e1t \u010dleny na\u0161eho klubu, kontaktujte pros\u00edm pana Josefa T\u00e1borsk\u00e9ho na e-mailu\u00a0<a href=\"mailto:info@teniskounice.cz\" target=\"_blank\" rel=\"noopener\">info@teniskounice.cz<\/a><\/p>\t\t\t\t\t\t\t\t<\/div>\n\t\t\t\t\t<\/div>\n\t\t\t\t<\/div>\n\t\t\t\t<\/div>\n\t\t","protected":false},"excerpt":{"rendered":"<p>Srde\u010dn\u011b zveme v\u0161echny p\u0159\u00edznivce tenisu ke h\u0159e v klidn\u00e9m a p\u0159\u00e1telsk\u00e9m prost\u0159ed\u00ed Kounic. N\u00e1\u0161 tenisov\u00fd are\u00e1l nab\u00edz\u00ed k pron\u00e1jmu dva perfektn\u011b upraven\u00e9 antukov\u00e9 kurty s automatickou z\u00e1vlahou. Pro rezervaci kurtu vyu\u017eijte online rezerva\u010dn\u00ed syst\u00e9m dostupn\u00fd v hlavn\u00ed nab\u00eddce.\u00a0 Pokud byste se cht\u011bli st\u00e1t \u010dleny na\u0161eho klubu, kontaktujte pros\u00edm pana Josefa T\u00e1borsk\u00e9ho na e-mailu\u00a0info@teniskounice.cz<\/p>\n","protected":false},"author":1,"featured_media":0,"parent":0,"menu_order":0,"comment_status":"closed","ping_status":"closed","template":"","meta":{"inline_featured_image":false,"footnotes":""},"class_list":["post-30","page","type-page","status-publish","hentry"],"yoast_head":"<!-- This site is optimized with the Yoast SEO plugin v25.4 - https:\/\/yoast.com\/wordpress\/plugins\/seo\/ -->\n<title>O n\u00e1s -<\/title>\n<meta name=\"robots\" content=\"index, follow, max-snippet:-1, max-image-preview:large, max-video-preview:-1\" \/>\n<link rel=\"canonical\" href=\"https:\/\/teniskounice.cz\/\" \/>\n<meta property=\"og:locale\" content=\"cs_CZ\" \/>\n<meta property=\"og:type\" content=\"article\" \/>\n<meta property=\"og:title\" content=\"O n\u00e1s -\" \/>\n<meta property=\"og:description\" content=\"Srde\u010dn\u011b zveme v\u0161echny p\u0159\u00edznivce tenisu ke h\u0159e v klidn\u00e9m a p\u0159\u00e1telsk\u00e9m prost\u0159ed\u00ed Kounic. N\u00e1\u0161 tenisov\u00fd are\u00e1l nab\u00edz\u00ed k pron\u00e1jmu dva perfektn\u011b upraven\u00e9 antukov\u00e9 kurty s automatickou z\u00e1vlahou. Pro rezervaci kurtu vyu\u017eijte online rezerva\u010dn\u00ed syst\u00e9m dostupn\u00fd v hlavn\u00ed nab\u00eddce.\u00a0 Pokud byste se cht\u011bli st\u00e1t \u010dleny na\u0161eho klubu, kontaktujte pros\u00edm pana Josefa T\u00e1borsk\u00e9ho na e-mailu\u00a0info@teniskounice.cz\" \/>\n<meta property=\"og:url\" content=\"https:\/\/teniskounice.cz\/\" \/>\n<meta property=\"article:modified_time\" content=\"2025-07-02T11:46:52+00:00\" \/>\n<meta name=\"twitter:card\" content=\"summary_large_image\" \/>\n<script type=\"application\/ld+json\" class=\"yoast-schema-graph\">{\"@context\":\"https:\/\/schema.org\",\"@graph\":[{\"@type\":\"WebPage\",\"@id\":\"https:\/\/teniskounice.cz\/\",\"url\":\"https:\/\/teniskounice.cz\/\",\"name\":\"O n\u00e1s -\",\"isPartOf\":{\"@id\":\"https:\/\/teniskounice.cz\/#website\"},\"datePublished\":\"2025-07-01T13:59:16+00:00\",\"dateModified\":\"2025-07-02T11:46:52+00:00\",\"breadcrumb\":{\"@id\":\"https:\/\/teniskounice.cz\/#breadcrumb\"},\"inLanguage\":\"cs\",\"potentialAction\":[{\"@type\":\"ReadAction\",\"target\":[\"https:\/\/teniskounice.cz\/\"]}]},{\"@type\":\"BreadcrumbList\",\"@id\":\"https:\/\/teniskounice.cz\/#breadcrumb\",\"itemListElement\":[{\"@type\":\"ListItem\",\"position\":1,\"name\":\"Dom\u016f\",\"item\":\"https:\/\/teniskounice.cz\/\"},{\"@type\":\"ListItem\",\"position\":2,\"name\":\"O n\u00e1s\"}]},{\"@type\":\"WebSite\",\"@id\":\"https:\/\/teniskounice.cz\/#website\",\"url\":\"https:\/\/teniskounice.cz\/\",\"name\":\"teniskounice.cz\",\"description\":\"Tenis Kounice\",\"potentialAction\":[{\"@type\":\"SearchAction\",\"target\":{\"@type\":\"EntryPoint\",\"urlTemplate\":\"https:\/\/teniskounice.cz\/?s={search_term_string}\"},\"query-input\":{\"@type\":\"PropertyValueSpecification\",\"valueRequired\":true,\"valueName\":\"search_term_string\"}}],\"inLanguage\":\"cs\"}]}<\/script>\n<!-- \/ Yoast SEO plugin. -->","yoast_head_json":{"title":"O n\u00e1s -","robots":{"index":"index","follow":"follow","max-snippet":"max-snippet:-1","max-image-preview":"max-image-preview:large","max-video-preview":"max-video-preview:-1"},"canonical":"https:\/\/teniskounice.cz\/","og_locale":"cs_CZ","og_type":"article","og_title":"O n\u00e1s -","og_description":"Srde\u010dn\u011b zveme v\u0161echny p\u0159\u00edznivce tenisu ke h\u0159e v klidn\u00e9m a p\u0159\u00e1telsk\u00e9m prost\u0159ed\u00ed Kounic. N\u00e1\u0161 tenisov\u00fd are\u00e1l nab\u00edz\u00ed k pron\u00e1jmu dva perfektn\u011b upraven\u00e9 antukov\u00e9 kurty s automatickou z\u00e1vlahou. Pro rezervaci kurtu vyu\u017eijte online rezerva\u010dn\u00ed syst\u00e9m dostupn\u00fd v hlavn\u00ed nab\u00eddce.\u00a0 Pokud byste se cht\u011bli st\u00e1t \u010dleny na\u0161eho klubu, kontaktujte pros\u00edm pana Josefa T\u00e1borsk\u00e9ho na e-mailu\u00a0info@teniskounice.cz","og_url":"https:\/\/teniskounice.cz\/","article_modified_time":"2025-07-02T11:46:52+00:00","twitter_card":"summary_large_image","schema":{"@context":"https:\/\/schema.org","@graph":[{"@type":"WebPage","@id":"https:\/\/teniskounice.cz\/","url":"https:\/\/teniskounice.cz\/","name":"O n\u00e1s -","isPartOf":{"@id":"https:\/\/teniskounice.cz\/#website"},"datePublished":"2025-07-01T13:59:16+00:00","dateModified":"2025-07-02T11:46:52+00:00","breadcrumb":{"@id":"https:\/\/teniskounice.cz\/#breadcrumb"},"inLanguage":"cs","potentialAction":[{"@type":"ReadAction","target":["https:\/\/teniskounice.cz\/"]}]},{"@type":"BreadcrumbList","@id":"https:\/\/teniskounice.cz\/#breadcrumb","itemListElement":[{"@type":"ListItem","position":1,"name":"Dom\u016f","item":"https:\/\/teniskounice.cz\/"},{"@type":"ListItem","position":2,"name":"O n\u00e1s"}]},{"@type":"WebSite","@id":"https:\/\/teniskounice.cz\/#website","url":"https:\/\/teniskounice.cz\/","name":"teniskounice.cz","description":"Tenis Kounice","potentialAction":[{"@type":"SearchAction","target":{"@type":"EntryPoint","urlTemplate":"https:\/\/teniskounice.cz\/?s={search_term_string}"},"query-input":{"@type":"PropertyValueSpecification","valueRequired":true,"valueName":"search_term_string"}}],"inLanguage":"cs"}]}},"_links":{"self":[{"href":"https:\/\/teniskounice.cz\/index.php\/wp-json\/wp\/v2\/pages\/30","targetHints":{"allow":["GET"]}}],"collection":[{"href":"https:\/\/teniskounice.cz\/index.php\/wp-json\/wp\/v2\/pages"}],"about":[{"href":"https:\/\/teniskounice.cz\/index.php\/wp-json\/wp\/v2\/types\/page"}],"author":[{"embeddable":true,"href":"https:\/\/teniskounice.cz\/index.php\/wp-json\/wp\/v2\/users\/1"}],"replies":[{"embeddable":true,"href":"https:\/\/teniskounice.cz\/index.php\/wp-json\/wp\/v2\/comments?post=30"}],"version-history":[{"count":22,"href":"https:\/\/teniskounice.cz\/index.php\/wp-json\/wp\/v2\/pages\/30\/revisions"}],"predecessor-version":[{"id":118,"href":"https:\/\/teniskounice.cz\/index.php\/wp-json\/wp\/v2\/pages\/30\/revisions\/118"}],"wp:attachment":[{"href":"https:\/\/teniskounice.cz\/index.php\/wp-json\/wp\/v2\/media?parent=30"}],"curies":[{"name":"wp","href":"https:\/\/api.w.org\/{rel}","templated":true}]}}